{"id":22999,"date":"2024-07-22T12:00:56","date_gmt":"2024-07-22T12:00:56","guid":{"rendered":"https:\/\/www.immobilien-suedtirol.bz.it\/?post_type=immobile&#038;p=22999"},"modified":"2024-07-22T12:00:56","modified_gmt":"2024-07-22T12:00:56","slug":"affittasi-nel-centro-di-bolzano-trilocali-seminuovi-2","status":"publish","type":"immobile","link":"https:\/\/www.immobilien-suedtirol.bz.it\/de\/immobile\/affittasi-nel-centro-di-bolzano-trilocali-seminuovi-2\/","title":{"rendered":"Neuwertige Dreizimmerwohnung in Bozen, Altstadtzentrum zu ve"},"content":{"rendered":"<p>Neuwertige Dreizimmerwohnung in Bozen, Altstadtzentrum zu vermieten Es handelt sich hier um neuwertige Wohnung. Sie wird samt herrlicher K\u00fcchenzeile langfristig vermietet. Das Geb\u00e4ude, ein Klimahaus A, ist ohne architektonische Barrieren. Die \u00dcbergabe erfolgt mit n\u00fctzlichem Keller im Untergeschoss. Die \u00dcbergabe erfolgt ende August\/September 2024. Die Wohnung ist mit gem\u00fctlicher Bodenheizung ausgestattet. Die gro\u00dfen Fensterfl\u00e4chen erhellen den Raum und sorgen f\u00fcr Wohlbehagen. Die Wohnung verf\u00fcgt \u00fcber ein gro\u00dfes Bad, Tages-WC, Abstellraum 2 Schlafzimmer, Wohnk\u00fcche und einen intern gelegenen Balkon. Auf Wunsch sind gen\u00fcgend \u00fcberdachte Parkpl\u00e4tze noch frei anzumieten. Es werden nur langfristige Mietvertr\u00e4ge unterzeichnet. Der Mieter muss sehr gute Referenzen aufweisen, nicht rauchen und auch keine Haustiere besitzen.<\/p>\n","protected":false},"author":0,"featured_media":22989,"template":"","categories":[],"tags":[],"class_list":["post-22999","immobile","type-immobile","status-publish","has-post-thumbnail"],"acf":[],"yoast_head":"<!-- This site is optimized with the Yoast SEO plugin v27.4 - https:\/\/yoast.com\/product\/yoast-seo-wordpress\/ -->\n<title>Neuwertige Dreizimmerwohnung in Bozen, Altstadtzentrum zu ve - Studio Immobiliare Zingerle Stefan<\/title>\n<meta name=\"robots\" content=\"index, follow, max-snippet:-1, max-image-preview:large, max-video-preview:-1\" \/>\n<link rel=\"canonical\" href=\"https:\/\/www.immobilien-suedtirol.bz.it\/de\/immobile\/affittasi-nel-centro-di-bolzano-trilocali-seminuovi-2\/\" \/>\n<meta property=\"og:locale\" content=\"de_DE\" \/>\n<meta property=\"og:type\" content=\"article\" \/>\n<meta property=\"og:title\" content=\"Neuwertige Dreizimmerwohnung in Bozen, Altstadtzentrum zu ve - Studio Immobiliare Zingerle Stefan\" \/>\n<meta property=\"og:description\" content=\"Neuwertige Dreizimmerwohnung in Bozen, Altstadtzentrum zu vermieten Es handelt sich hier um neuwertige Wohnung. Sie wird samt herrlicher K\u00fcchenzeile langfristig vermietet. Das Geb\u00e4ude, ein Klimahaus A, ist ohne architektonische Barrieren....\" \/>\n<meta property=\"og:url\" content=\"https:\/\/www.immobilien-suedtirol.bz.it\/de\/immobile\/affittasi-nel-centro-di-bolzano-trilocali-seminuovi-2\/\" \/>\n<meta property=\"og:site_name\" content=\"Studio Immobiliare Zingerle Stefan\" \/>\n<meta property=\"og:image\" content=\"https:\/\/www.immobilien-suedtirol.bz.it\/wp-content\/uploads\/2024\/07\/439532610m.jpg\" \/>\n\t<meta property=\"og:image:width\" content=\"1024\" \/>\n\t<meta property=\"og:image:height\" content=\"768\" \/>\n\t<meta property=\"og:image:type\" content=\"image\/jpeg\" \/>\n<meta name=\"twitter:card\" content=\"summary_large_image\" \/>\n<meta name=\"twitter:label1\" content=\"Gesch\u00e4tzte Lesezeit\" \/>\n\t<meta name=\"twitter:data1\" content=\"1\u00a0Minute\" \/>\n<script type=\"application\/ld+json\" class=\"yoast-schema-graph\">{\"@context\":\"https:\\\/\\\/schema.org\",\"@graph\":[{\"@type\":\"WebPage\",\"@id\":\"https:\\\/\\\/www.immobilien-suedtirol.bz.it\\\/de\\\/immobile\\\/affittasi-nel-centro-di-bolzano-trilocali-seminuovi-2\\\/\",\"url\":\"https:\\\/\\\/www.immobilien-suedtirol.bz.it\\\/de\\\/immobile\\\/affittasi-nel-centro-di-bolzano-trilocali-seminuovi-2\\\/\",\"name\":\"Neuwertige Dreizimmerwohnung in Bozen, Altstadtzentrum zu ve - Studio Immobiliare Zingerle Stefan\",\"isPartOf\":{\"@id\":\"https:\\\/\\\/www.immobilien-suedtirol.bz.it\\\/de\\\/#website\"},\"primaryImageOfPage\":{\"@id\":\"https:\\\/\\\/www.immobilien-suedtirol.bz.it\\\/de\\\/immobile\\\/affittasi-nel-centro-di-bolzano-trilocali-seminuovi-2\\\/#primaryimage\"},\"image\":{\"@id\":\"https:\\\/\\\/www.immobilien-suedtirol.bz.it\\\/de\\\/immobile\\\/affittasi-nel-centro-di-bolzano-trilocali-seminuovi-2\\\/#primaryimage\"},\"thumbnailUrl\":\"https:\\\/\\\/www.immobilien-suedtirol.bz.it\\\/wp-content\\\/uploads\\\/2024\\\/07\\\/439532610m.jpg\",\"datePublished\":\"2024-07-22T12:00:56+00:00\",\"breadcrumb\":{\"@id\":\"https:\\\/\\\/www.immobilien-suedtirol.bz.it\\\/de\\\/immobile\\\/affittasi-nel-centro-di-bolzano-trilocali-seminuovi-2\\\/#breadcrumb\"},\"inLanguage\":\"de\",\"potentialAction\":[{\"@type\":\"ReadAction\",\"target\":[\"https:\\\/\\\/www.immobilien-suedtirol.bz.it\\\/de\\\/immobile\\\/affittasi-nel-centro-di-bolzano-trilocali-seminuovi-2\\\/\"]}]},{\"@type\":\"ImageObject\",\"inLanguage\":\"de\",\"@id\":\"https:\\\/\\\/www.immobilien-suedtirol.bz.it\\\/de\\\/immobile\\\/affittasi-nel-centro-di-bolzano-trilocali-seminuovi-2\\\/#primaryimage\",\"url\":\"https:\\\/\\\/www.immobilien-suedtirol.bz.it\\\/wp-content\\\/uploads\\\/2024\\\/07\\\/439532610m.jpg\",\"contentUrl\":\"https:\\\/\\\/www.immobilien-suedtirol.bz.it\\\/wp-content\\\/uploads\\\/2024\\\/07\\\/439532610m.jpg\",\"width\":1024,\"height\":768},{\"@type\":\"BreadcrumbList\",\"@id\":\"https:\\\/\\\/www.immobilien-suedtirol.bz.it\\\/de\\\/immobile\\\/affittasi-nel-centro-di-bolzano-trilocali-seminuovi-2\\\/#breadcrumb\",\"itemListElement\":[{\"@type\":\"ListItem\",\"position\":1,\"name\":\"Home\",\"item\":\"https:\\\/\\\/www.immobilien-suedtirol.bz.it\\\/de\\\/\"},{\"@type\":\"ListItem\",\"position\":2,\"name\":\"Neuwertige Dreizimmerwohnung in Bozen, Altstadtzentrum zu ve\"}]},{\"@type\":\"WebSite\",\"@id\":\"https:\\\/\\\/www.immobilien-suedtirol.bz.it\\\/de\\\/#website\",\"url\":\"https:\\\/\\\/www.immobilien-suedtirol.bz.it\\\/de\\\/\",\"name\":\"Studio Immobiliare Zingerle Stefan\",\"description\":\"Al Suo fianco nella compravendita immobiliare\",\"publisher\":{\"@id\":\"https:\\\/\\\/www.immobilien-suedtirol.bz.it\\\/de\\\/#organization\"},\"potentialAction\":[{\"@type\":\"SearchAction\",\"target\":{\"@type\":\"EntryPoint\",\"urlTemplate\":\"https:\\\/\\\/www.immobilien-suedtirol.bz.it\\\/de\\\/?s={search_term_string}\"},\"query-input\":{\"@type\":\"PropertyValueSpecification\",\"valueRequired\":true,\"valueName\":\"search_term_string\"}}],\"inLanguage\":\"de\"},{\"@type\":\"Organization\",\"@id\":\"https:\\\/\\\/www.immobilien-suedtirol.bz.it\\\/de\\\/#organization\",\"name\":\"Studio Immobiliare Zingerle Stefan\",\"url\":\"https:\\\/\\\/www.immobilien-suedtirol.bz.it\\\/de\\\/\",\"logo\":{\"@type\":\"ImageObject\",\"inLanguage\":\"de\",\"@id\":\"https:\\\/\\\/www.immobilien-suedtirol.bz.it\\\/de\\\/#\\\/schema\\\/logo\\\/image\\\/\",\"url\":\"https:\\\/\\\/www.immobilien-suedtirol.bz.it\\\/wp-content\\\/uploads\\\/2024\\\/08\\\/studio-immobiliare-zingerle-colori.png\",\"contentUrl\":\"https:\\\/\\\/www.immobilien-suedtirol.bz.it\\\/wp-content\\\/uploads\\\/2024\\\/08\\\/studio-immobiliare-zingerle-colori.png\",\"width\":3841,\"height\":2161,\"caption\":\"Studio Immobiliare Zingerle Stefan\"},\"image\":{\"@id\":\"https:\\\/\\\/www.immobilien-suedtirol.bz.it\\\/de\\\/#\\\/schema\\\/logo\\\/image\\\/\"}}]}<\/script>\n<!-- \/ Yoast SEO plugin. -->","yoast_head_json":{"title":"Neuwertige Dreizimmerwohnung in Bozen, Altstadtzentrum zu ve - Studio Immobiliare Zingerle Stefan","robots":{"index":"index","follow":"follow","max-snippet":"max-snippet:-1","max-image-preview":"max-image-preview:large","max-video-preview":"max-video-preview:-1"},"canonical":"https:\/\/www.immobilien-suedtirol.bz.it\/de\/immobile\/affittasi-nel-centro-di-bolzano-trilocali-seminuovi-2\/","og_locale":"de_DE","og_type":"article","og_title":"Neuwertige Dreizimmerwohnung in Bozen, Altstadtzentrum zu ve - Studio Immobiliare Zingerle Stefan","og_description":"Neuwertige Dreizimmerwohnung in Bozen, Altstadtzentrum zu vermieten Es handelt sich hier um neuwertige Wohnung. Sie wird samt herrlicher K\u00fcchenzeile langfristig vermietet. Das Geb\u00e4ude, ein Klimahaus A, ist ohne architektonische Barrieren....","og_url":"https:\/\/www.immobilien-suedtirol.bz.it\/de\/immobile\/affittasi-nel-centro-di-bolzano-trilocali-seminuovi-2\/","og_site_name":"Studio Immobiliare Zingerle Stefan","og_image":[{"width":1024,"height":768,"url":"https:\/\/www.immobilien-suedtirol.bz.it\/wp-content\/uploads\/2024\/07\/439532610m.jpg","type":"image\/jpeg"}],"twitter_card":"summary_large_image","twitter_misc":{"Gesch\u00e4tzte Lesezeit":"1\u00a0Minute"},"schema":{"@context":"https:\/\/schema.org","@graph":[{"@type":"WebPage","@id":"https:\/\/www.immobilien-suedtirol.bz.it\/de\/immobile\/affittasi-nel-centro-di-bolzano-trilocali-seminuovi-2\/","url":"https:\/\/www.immobilien-suedtirol.bz.it\/de\/immobile\/affittasi-nel-centro-di-bolzano-trilocali-seminuovi-2\/","name":"Neuwertige Dreizimmerwohnung in Bozen, Altstadtzentrum zu ve - Studio Immobiliare Zingerle Stefan","isPartOf":{"@id":"https:\/\/www.immobilien-suedtirol.bz.it\/de\/#website"},"primaryImageOfPage":{"@id":"https:\/\/www.immobilien-suedtirol.bz.it\/de\/immobile\/affittasi-nel-centro-di-bolzano-trilocali-seminuovi-2\/#primaryimage"},"image":{"@id":"https:\/\/www.immobilien-suedtirol.bz.it\/de\/immobile\/affittasi-nel-centro-di-bolzano-trilocali-seminuovi-2\/#primaryimage"},"thumbnailUrl":"https:\/\/www.immobilien-suedtirol.bz.it\/wp-content\/uploads\/2024\/07\/439532610m.jpg","datePublished":"2024-07-22T12:00:56+00:00","breadcrumb":{"@id":"https:\/\/www.immobilien-suedtirol.bz.it\/de\/immobile\/affittasi-nel-centro-di-bolzano-trilocali-seminuovi-2\/#breadcrumb"},"inLanguage":"de","potentialAction":[{"@type":"ReadAction","target":["https:\/\/www.immobilien-suedtirol.bz.it\/de\/immobile\/affittasi-nel-centro-di-bolzano-trilocali-seminuovi-2\/"]}]},{"@type":"ImageObject","inLanguage":"de","@id":"https:\/\/www.immobilien-suedtirol.bz.it\/de\/immobile\/affittasi-nel-centro-di-bolzano-trilocali-seminuovi-2\/#primaryimage","url":"https:\/\/www.immobilien-suedtirol.bz.it\/wp-content\/uploads\/2024\/07\/439532610m.jpg","contentUrl":"https:\/\/www.immobilien-suedtirol.bz.it\/wp-content\/uploads\/2024\/07\/439532610m.jpg","width":1024,"height":768},{"@type":"BreadcrumbList","@id":"https:\/\/www.immobilien-suedtirol.bz.it\/de\/immobile\/affittasi-nel-centro-di-bolzano-trilocali-seminuovi-2\/#breadcrumb","itemListElement":[{"@type":"ListItem","position":1,"name":"Home","item":"https:\/\/www.immobilien-suedtirol.bz.it\/de\/"},{"@type":"ListItem","position":2,"name":"Neuwertige Dreizimmerwohnung in Bozen, Altstadtzentrum zu ve"}]},{"@type":"WebSite","@id":"https:\/\/www.immobilien-suedtirol.bz.it\/de\/#website","url":"https:\/\/www.immobilien-suedtirol.bz.it\/de\/","name":"Studio Immobiliare Zingerle Stefan","description":"Al Suo fianco nella compravendita immobiliare","publisher":{"@id":"https:\/\/www.immobilien-suedtirol.bz.it\/de\/#organization"},"potentialAction":[{"@type":"SearchAction","target":{"@type":"EntryPoint","urlTemplate":"https:\/\/www.immobilien-suedtirol.bz.it\/de\/?s={search_term_string}"},"query-input":{"@type":"PropertyValueSpecification","valueRequired":true,"valueName":"search_term_string"}}],"inLanguage":"de"},{"@type":"Organization","@id":"https:\/\/www.immobilien-suedtirol.bz.it\/de\/#organization","name":"Studio Immobiliare Zingerle Stefan","url":"https:\/\/www.immobilien-suedtirol.bz.it\/de\/","logo":{"@type":"ImageObject","inLanguage":"de","@id":"https:\/\/www.immobilien-suedtirol.bz.it\/de\/#\/schema\/logo\/image\/","url":"https:\/\/www.immobilien-suedtirol.bz.it\/wp-content\/uploads\/2024\/08\/studio-immobiliare-zingerle-colori.png","contentUrl":"https:\/\/www.immobilien-suedtirol.bz.it\/wp-content\/uploads\/2024\/08\/studio-immobiliare-zingerle-colori.png","width":3841,"height":2161,"caption":"Studio Immobiliare Zingerle Stefan"},"image":{"@id":"https:\/\/www.immobilien-suedtirol.bz.it\/de\/#\/schema\/logo\/image\/"}}]}},"_links":{"self":[{"href":"https:\/\/www.immobilien-suedtirol.bz.it\/de\/wp-json\/wp\/v2\/immobile\/22999","targetHints":{"allow":["GET"]}}],"collection":[{"href":"https:\/\/www.immobilien-suedtirol.bz.it\/de\/wp-json\/wp\/v2\/immobile"}],"about":[{"href":"https:\/\/www.immobilien-suedtirol.bz.it\/de\/wp-json\/wp\/v2\/types\/immobile"}],"wp:featuredmedia":[{"embeddable":true,"href":"https:\/\/www.immobilien-suedtirol.bz.it\/de\/wp-json\/wp\/v2\/media\/22989"}],"wp:attachment":[{"href":"https:\/\/www.immobilien-suedtirol.bz.it\/de\/wp-json\/wp\/v2\/media?parent=22999"}],"wp:term":[{"taxonomy":"category","embeddable":true,"href":"https:\/\/www.immobilien-suedtirol.bz.it\/de\/wp-json\/wp\/v2\/categories?post=22999"},{"taxonomy":"post_tag","embeddable":true,"href":"https:\/\/www.immobilien-suedtirol.bz.it\/de\/wp-json\/wp\/v2\/tags?post=22999"}],"curies":[{"name":"wp","href":"https:\/\/api.w.org\/{rel}","templated":true}]}}

<p>Neuwertige Dreizimmerwohnung in Bozen, Altstadtzentrum zu vermieten Es handelt sich hier um neuwertige Wohnung. Sie wird samt herrlicher Küchenzeile langfristig vermietet. Das Gebäude, ein Klimahaus A, ist ohne architektonische Barrieren. Die Übergabe erfolgt mit nützlichem Keller im Untergeschoss. Die Übergabe erfolgt ende August/September 2024. Die Wohnung ist mit gemütlicher Bodenheizung ausgestattet. Die großen Fensterflächen erhellen den Raum und sorgen für Wohlbehagen. Die Wohnung verfügt über ein großes Bad, Tages-WC, Abstellraum 2 Schlafzimmer, Wohnküche und einen intern gelegenen Balkon. Auf Wunsch sind genügend überdachte Parkplätze noch frei anzumieten. Es werden nur langfristige Mietverträge unterzeichnet. Der Mieter muss sehr gute Referenzen aufweisen, nicht rauchen und auch keine Haustiere besitzen.</p>

<!-- This site is optimized with the Yoast SEO plugin v27.4 - https://yoast.com/product/yoast-seo-wordpress/ -->
<title>Neuwertige Dreizimmerwohnung in Bozen, Altstadtzentrum zu ve - Studio Immobiliare Zingerle Stefan</title>
<meta name="robots" content="index, follow, max-snippet:-1, max-image-preview:large, max-video-preview:-1" />
<link rel="canonical" href="https://www.immobilien-suedtirol.bz.it/de/immobile/affittasi-nel-centro-di-bolzano-trilocali-seminuovi-2/" />
<meta property="og:locale" content="de_DE" />
<meta property="og:type" content="article" />
<meta property="og:title" content="Neuwertige Dreizimmerwohnung in Bozen, Altstadtzentrum zu ve - Studio Immobiliare Zingerle Stefan" />
<meta property="og:description" content="Neuwertige Dreizimmerwohnung in Bozen, Altstadtzentrum zu vermieten Es handelt sich hier um neuwertige Wohnung. Sie wird samt herrlicher Küchenzeile langfristig vermietet. Das Gebäude, ein Klimahaus A, ist ohne architektonische Barrieren...." />
<meta property="og:url" content="https://www.immobilien-suedtirol.bz.it/de/immobile/affittasi-nel-centro-di-bolzano-trilocali-seminuovi-2/" />
<meta property="og:site_name" content="Studio Immobiliare Zingerle Stefan" />
<meta property="og:image" content="https://www.immobilien-suedtirol.bz.it/wp-content/uploads/2024/07/439532610m.jpg" />
	<meta property="og:image:width" content="1024" />
	<meta property="og:image:height" content="768" />
	<meta property="og:image:type" content="image/jpeg" />
<meta name="twitter:card" content="summary_large_image" />
<meta name="twitter:label1" content="Geschätzte Lesezeit" />
	<meta name="twitter:data1" content="1 Minute" />
<script type="application/ld+json" class="yoast-schema-graph">{"@context":"https:\/\/schema.org","@graph":[{"@type":"WebPage","@id":"https:\/\/www.immobilien-suedtirol.bz.it\/de\/immobile\/affittasi-nel-centro-di-bolzano-trilocali-seminuovi-2\/","url":"https:\/\/www.immobilien-suedtirol.bz.it\/de\/immobile\/affittasi-nel-centro-di-bolzano-trilocali-seminuovi-2\/","name":"Neuwertige Dreizimmerwohnung in Bozen, Altstadtzentrum zu ve - Studio Immobiliare Zingerle Stefan","isPartOf":{"@id":"https:\/\/www.immobilien-suedtirol.bz.it\/de\/#website"},"primaryImageOfPage":{"@id":"https:\/\/www.immobilien-suedtirol.bz.it\/de\/immobile\/affittasi-nel-centro-di-bolzano-trilocali-seminuovi-2\/#primaryimage"},"image":{"@id":"https:\/\/www.immobilien-suedtirol.bz.it\/de\/immobile\/affittasi-nel-centro-di-bolzano-trilocali-seminuovi-2\/#primaryimage"},"thumbnailUrl":"https:\/\/www.immobilien-suedtirol.bz.it\/wp-content\/uploads\/2024\/07\/439532610m.jpg","datePublished":"2024-07-22T12:00:56+00:00","breadcrumb":{"@id":"https:\/\/www.immobilien-suedtirol.bz.it\/de\/immobile\/affittasi-nel-centro-di-bolzano-trilocali-seminuovi-2\/#breadcrumb"},"inLanguage":"de","potentialAction":[{"@type":"ReadAction","target":["https:\/\/www.immobilien-suedtirol.bz.it\/de\/immobile\/affittasi-nel-centro-di-bolzano-trilocali-seminuovi-2\/"]}]},{"@type":"ImageObject","inLanguage":"de","@id":"https:\/\/www.immobilien-suedtirol.bz.it\/de\/immobile\/affittasi-nel-centro-di-bolzano-trilocali-seminuovi-2\/#primaryimage","url":"https:\/\/www.immobilien-suedtirol.bz.it\/wp-content\/uploads\/2024\/07\/439532610m.jpg","contentUrl":"https:\/\/www.immobilien-suedtirol.bz.it\/wp-content\/uploads\/2024\/07\/439532610m.jpg","width":1024,"height":768},{"@type":"BreadcrumbList","@id":"https:\/\/www.immobilien-suedtirol.bz.it\/de\/immobile\/affittasi-nel-centro-di-bolzano-trilocali-seminuovi-2\/#breadcrumb","itemListElement":[{"@type":"ListItem","position":1,"name":"Home","item":"https:\/\/www.immobilien-suedtirol.bz.it\/de\/"},{"@type":"ListItem","position":2,"name":"Neuwertige Dreizimmerwohnung in Bozen, Altstadtzentrum zu ve"}]},{"@type":"WebSite","@id":"https:\/\/www.immobilien-suedtirol.bz.it\/de\/#website","url":"https:\/\/www.immobilien-suedtirol.bz.it\/de\/","name":"Studio Immobiliare Zingerle Stefan","description":"Al Suo fianco nella compravendita immobiliare","publisher":{"@id":"https:\/\/www.immobilien-suedtirol.bz.it\/de\/#organization"},"potentialAction":[{"@type":"SearchAction","target":{"@type":"EntryPoint","urlTemplate":"https:\/\/www.immobilien-suedtirol.bz.it\/de\/?s={search_term_string}"},"query-input":{"@type":"PropertyValueSpecification","valueRequired":true,"valueName":"search_term_string"}}],"inLanguage":"de"},{"@type":"Organization","@id":"https:\/\/www.immobilien-suedtirol.bz.it\/de\/#organization","name":"Studio Immobiliare Zingerle Stefan","url":"https:\/\/www.immobilien-suedtirol.bz.it\/de\/","logo":{"@type":"ImageObject","inLanguage":"de","@id":"https:\/\/www.immobilien-suedtirol.bz.it\/de\/#\/schema\/logo\/image\/","url":"https:\/\/www.immobilien-suedtirol.bz.it\/wp-content\/uploads\/2024\/08\/studio-immobiliare-zingerle-colori.png","contentUrl":"https:\/\/www.immobilien-suedtirol.bz.it\/wp-content\/uploads\/2024\/08\/studio-immobiliare-zingerle-colori.png","width":3841,"height":2161,"caption":"Studio Immobiliare Zingerle Stefan"},"image":{"@id":"https:\/\/www.immobilien-suedtirol.bz.it\/de\/#\/schema\/logo\/image\/"}}]}</script>
<!-- / Yoast SEO plugin. -->

Neuwertige Dreizimmerwohnung in Bozen, Altstadtzentrum zu vermieten Es handelt sich hier um neuwertige Wohnung. Sie wird samt herrlicher Küchenzeile langfristig vermietet. Das Gebäude, ein Klimahaus A, ist ohne architektonische Barrieren....
