{"id":22886,"date":"2024-07-21T12:35:20","date_gmt":"2024-07-21T12:35:20","guid":{"rendered":"https:\/\/www.immobilien-suedtirol.bz.it\/?post_type=immobile&#038;p=22886"},"modified":"2024-07-21T12:35:44","modified_gmt":"2024-07-21T12:35:44","slug":"endesi-prestigioso-e-soleggiato-ufficio-open-space-2","status":"publish","type":"immobile","link":"https:\/\/www.immobilien-suedtirol.bz.it\/de\/immobile\/endesi-prestigioso-e-soleggiato-ufficio-open-space-2\/","title":{"rendered":"Ein prestigevolles, sonniges Gro\u00dfraumb\u00fcro zu verkaufen"},"content":{"rendered":"<p>Ein prestigevolles, sonniges Gro\u00dfraumb\u00fcro zu verkaufen, Bozen Gewerbezone Es handelt sich hier um eine gesamte Etage \u2013 befindlich in einem vollkommen gewerblichen Geb\u00e4ude. Einfach und schnell mit Personenaufzug im 3. Stock erreichbar, ohne architektonische Barrieren. Ein zus\u00e4tzlicher, ger\u00e4umiger Lastenaufzug versorgt das gesamte Geb\u00e4ude, vom Garagengeschoss bis zum Dachgeschoss. Insgesamt sind 5 Stockwerke vorhanden zuz\u00fcglich Untergeschoss, wo sich die Parkpl\u00e4tze befinden. Die Raumh\u00f6he misst 3,20 Meter. Die Bruttofl\u00e4che misst ca. 600 m\u00b2 und die Nettofl\u00e4che misst 550 m\u00b2. Auf Wunsch k\u00f6nnen auch kleinere B\u00fcrofl\u00e4che angekauft werden. Der Quadratmeterpreis betr\u00e4gt 2000 \u20ac &#8211; verhandelbar. Das B\u00fcro verf\u00fcgt \u00fcber eine zentrale Klima- und Heizanlage. Baujahr 2005 &#8211; APE F.<\/p>\n","protected":false},"author":0,"featured_media":22859,"template":"","categories":[],"tags":[],"class_list":["post-22886","immobile","type-immobile","status-publish","has-post-thumbnail"],"acf":[],"yoast_head":"<!-- This site is optimized with the Yoast SEO plugin v27.4 - https:\/\/yoast.com\/product\/yoast-seo-wordpress\/ -->\n<title>Ein prestigevolles, sonniges Gro\u00dfraumb\u00fcro zu verkaufen - Studio Immobiliare Zingerle Stefan<\/title>\n<meta name=\"robots\" content=\"index, follow, max-snippet:-1, max-image-preview:large, max-video-preview:-1\" \/>\n<link rel=\"canonical\" href=\"https:\/\/www.immobilien-suedtirol.bz.it\/de\/immobile\/endesi-prestigioso-e-soleggiato-ufficio-open-space-2\/\" \/>\n<meta property=\"og:locale\" content=\"de_DE\" \/>\n<meta property=\"og:type\" content=\"article\" \/>\n<meta property=\"og:title\" content=\"Ein prestigevolles, sonniges Gro\u00dfraumb\u00fcro zu verkaufen - Studio Immobiliare Zingerle Stefan\" \/>\n<meta property=\"og:description\" content=\"Ein prestigevolles, sonniges Gro\u00dfraumb\u00fcro zu verkaufen, Bozen Gewerbezone Es handelt sich hier um eine gesamte Etage \u2013 befindlich in einem vollkommen gewerblichen Geb\u00e4ude. Einfach und schnell mit Personenaufzug im 3....\" \/>\n<meta property=\"og:url\" content=\"https:\/\/www.immobilien-suedtirol.bz.it\/de\/immobile\/endesi-prestigioso-e-soleggiato-ufficio-open-space-2\/\" \/>\n<meta property=\"og:site_name\" content=\"Studio Immobiliare Zingerle Stefan\" \/>\n<meta property=\"article:modified_time\" content=\"2024-07-21T12:35:44+00:00\" \/>\n<meta property=\"og:image\" content=\"https:\/\/www.immobilien-suedtirol.bz.it\/wp-content\/uploads\/2024\/07\/435076269m.jpg\" \/>\n\t<meta property=\"og:image:width\" content=\"1024\" \/>\n\t<meta property=\"og:image:height\" content=\"768\" \/>\n\t<meta property=\"og:image:type\" content=\"image\/jpeg\" \/>\n<meta name=\"twitter:card\" content=\"summary_large_image\" \/>\n<meta name=\"twitter:label1\" content=\"Gesch\u00e4tzte Lesezeit\" \/>\n\t<meta name=\"twitter:data1\" content=\"1\u00a0Minute\" \/>\n<script type=\"application\/ld+json\" class=\"yoast-schema-graph\">{\"@context\":\"https:\\\/\\\/schema.org\",\"@graph\":[{\"@type\":\"WebPage\",\"@id\":\"https:\\\/\\\/www.immobilien-suedtirol.bz.it\\\/de\\\/immobile\\\/endesi-prestigioso-e-soleggiato-ufficio-open-space-2\\\/\",\"url\":\"https:\\\/\\\/www.immobilien-suedtirol.bz.it\\\/de\\\/immobile\\\/endesi-prestigioso-e-soleggiato-ufficio-open-space-2\\\/\",\"name\":\"Ein prestigevolles, sonniges Gro\u00dfraumb\u00fcro zu verkaufen - Studio Immobiliare Zingerle Stefan\",\"isPartOf\":{\"@id\":\"https:\\\/\\\/www.immobilien-suedtirol.bz.it\\\/de\\\/#website\"},\"primaryImageOfPage\":{\"@id\":\"https:\\\/\\\/www.immobilien-suedtirol.bz.it\\\/de\\\/immobile\\\/endesi-prestigioso-e-soleggiato-ufficio-open-space-2\\\/#primaryimage\"},\"image\":{\"@id\":\"https:\\\/\\\/www.immobilien-suedtirol.bz.it\\\/de\\\/immobile\\\/endesi-prestigioso-e-soleggiato-ufficio-open-space-2\\\/#primaryimage\"},\"thumbnailUrl\":\"https:\\\/\\\/www.immobilien-suedtirol.bz.it\\\/wp-content\\\/uploads\\\/2024\\\/07\\\/435076269m.jpg\",\"datePublished\":\"2024-07-21T12:35:20+00:00\",\"dateModified\":\"2024-07-21T12:35:44+00:00\",\"breadcrumb\":{\"@id\":\"https:\\\/\\\/www.immobilien-suedtirol.bz.it\\\/de\\\/immobile\\\/endesi-prestigioso-e-soleggiato-ufficio-open-space-2\\\/#breadcrumb\"},\"inLanguage\":\"de\",\"potentialAction\":[{\"@type\":\"ReadAction\",\"target\":[\"https:\\\/\\\/www.immobilien-suedtirol.bz.it\\\/de\\\/immobile\\\/endesi-prestigioso-e-soleggiato-ufficio-open-space-2\\\/\"]}]},{\"@type\":\"ImageObject\",\"inLanguage\":\"de\",\"@id\":\"https:\\\/\\\/www.immobilien-suedtirol.bz.it\\\/de\\\/immobile\\\/endesi-prestigioso-e-soleggiato-ufficio-open-space-2\\\/#primaryimage\",\"url\":\"https:\\\/\\\/www.immobilien-suedtirol.bz.it\\\/wp-content\\\/uploads\\\/2024\\\/07\\\/435076269m.jpg\",\"contentUrl\":\"https:\\\/\\\/www.immobilien-suedtirol.bz.it\\\/wp-content\\\/uploads\\\/2024\\\/07\\\/435076269m.jpg\",\"width\":1024,\"height\":768},{\"@type\":\"BreadcrumbList\",\"@id\":\"https:\\\/\\\/www.immobilien-suedtirol.bz.it\\\/de\\\/immobile\\\/endesi-prestigioso-e-soleggiato-ufficio-open-space-2\\\/#breadcrumb\",\"itemListElement\":[{\"@type\":\"ListItem\",\"position\":1,\"name\":\"Home\",\"item\":\"https:\\\/\\\/www.immobilien-suedtirol.bz.it\\\/de\\\/\"},{\"@type\":\"ListItem\",\"position\":2,\"name\":\"Ein prestigevolles, sonniges Gro\u00dfraumb\u00fcro zu verkaufen\"}]},{\"@type\":\"WebSite\",\"@id\":\"https:\\\/\\\/www.immobilien-suedtirol.bz.it\\\/de\\\/#website\",\"url\":\"https:\\\/\\\/www.immobilien-suedtirol.bz.it\\\/de\\\/\",\"name\":\"Studio Immobiliare Zingerle Stefan\",\"description\":\"Al Suo fianco nella compravendita immobiliare\",\"publisher\":{\"@id\":\"https:\\\/\\\/www.immobilien-suedtirol.bz.it\\\/de\\\/#organization\"},\"potentialAction\":[{\"@type\":\"SearchAction\",\"target\":{\"@type\":\"EntryPoint\",\"urlTemplate\":\"https:\\\/\\\/www.immobilien-suedtirol.bz.it\\\/de\\\/?s={search_term_string}\"},\"query-input\":{\"@type\":\"PropertyValueSpecification\",\"valueRequired\":true,\"valueName\":\"search_term_string\"}}],\"inLanguage\":\"de\"},{\"@type\":\"Organization\",\"@id\":\"https:\\\/\\\/www.immobilien-suedtirol.bz.it\\\/de\\\/#organization\",\"name\":\"Studio Immobiliare Zingerle Stefan\",\"url\":\"https:\\\/\\\/www.immobilien-suedtirol.bz.it\\\/de\\\/\",\"logo\":{\"@type\":\"ImageObject\",\"inLanguage\":\"de\",\"@id\":\"https:\\\/\\\/www.immobilien-suedtirol.bz.it\\\/de\\\/#\\\/schema\\\/logo\\\/image\\\/\",\"url\":\"https:\\\/\\\/www.immobilien-suedtirol.bz.it\\\/wp-content\\\/uploads\\\/2024\\\/08\\\/studio-immobiliare-zingerle-colori.png\",\"contentUrl\":\"https:\\\/\\\/www.immobilien-suedtirol.bz.it\\\/wp-content\\\/uploads\\\/2024\\\/08\\\/studio-immobiliare-zingerle-colori.png\",\"width\":3841,\"height\":2161,\"caption\":\"Studio Immobiliare Zingerle Stefan\"},\"image\":{\"@id\":\"https:\\\/\\\/www.immobilien-suedtirol.bz.it\\\/de\\\/#\\\/schema\\\/logo\\\/image\\\/\"}}]}<\/script>\n<!-- \/ Yoast SEO plugin. -->","yoast_head_json":{"title":"Ein prestigevolles, sonniges Gro\u00dfraumb\u00fcro zu verkaufen - Studio Immobiliare Zingerle Stefan","robots":{"index":"index","follow":"follow","max-snippet":"max-snippet:-1","max-image-preview":"max-image-preview:large","max-video-preview":"max-video-preview:-1"},"canonical":"https:\/\/www.immobilien-suedtirol.bz.it\/de\/immobile\/endesi-prestigioso-e-soleggiato-ufficio-open-space-2\/","og_locale":"de_DE","og_type":"article","og_title":"Ein prestigevolles, sonniges Gro\u00dfraumb\u00fcro zu verkaufen - Studio Immobiliare Zingerle Stefan","og_description":"Ein prestigevolles, sonniges Gro\u00dfraumb\u00fcro zu verkaufen, Bozen Gewerbezone Es handelt sich hier um eine gesamte Etage \u2013 befindlich in einem vollkommen gewerblichen Geb\u00e4ude. Einfach und schnell mit Personenaufzug im 3....","og_url":"https:\/\/www.immobilien-suedtirol.bz.it\/de\/immobile\/endesi-prestigioso-e-soleggiato-ufficio-open-space-2\/","og_site_name":"Studio Immobiliare Zingerle Stefan","article_modified_time":"2024-07-21T12:35:44+00:00","og_image":[{"width":1024,"height":768,"url":"https:\/\/www.immobilien-suedtirol.bz.it\/wp-content\/uploads\/2024\/07\/435076269m.jpg","type":"image\/jpeg"}],"twitter_card":"summary_large_image","twitter_misc":{"Gesch\u00e4tzte Lesezeit":"1\u00a0Minute"},"schema":{"@context":"https:\/\/schema.org","@graph":[{"@type":"WebPage","@id":"https:\/\/www.immobilien-suedtirol.bz.it\/de\/immobile\/endesi-prestigioso-e-soleggiato-ufficio-open-space-2\/","url":"https:\/\/www.immobilien-suedtirol.bz.it\/de\/immobile\/endesi-prestigioso-e-soleggiato-ufficio-open-space-2\/","name":"Ein prestigevolles, sonniges Gro\u00dfraumb\u00fcro zu verkaufen - Studio Immobiliare Zingerle Stefan","isPartOf":{"@id":"https:\/\/www.immobilien-suedtirol.bz.it\/de\/#website"},"primaryImageOfPage":{"@id":"https:\/\/www.immobilien-suedtirol.bz.it\/de\/immobile\/endesi-prestigioso-e-soleggiato-ufficio-open-space-2\/#primaryimage"},"image":{"@id":"https:\/\/www.immobilien-suedtirol.bz.it\/de\/immobile\/endesi-prestigioso-e-soleggiato-ufficio-open-space-2\/#primaryimage"},"thumbnailUrl":"https:\/\/www.immobilien-suedtirol.bz.it\/wp-content\/uploads\/2024\/07\/435076269m.jpg","datePublished":"2024-07-21T12:35:20+00:00","dateModified":"2024-07-21T12:35:44+00:00","breadcrumb":{"@id":"https:\/\/www.immobilien-suedtirol.bz.it\/de\/immobile\/endesi-prestigioso-e-soleggiato-ufficio-open-space-2\/#breadcrumb"},"inLanguage":"de","potentialAction":[{"@type":"ReadAction","target":["https:\/\/www.immobilien-suedtirol.bz.it\/de\/immobile\/endesi-prestigioso-e-soleggiato-ufficio-open-space-2\/"]}]},{"@type":"ImageObject","inLanguage":"de","@id":"https:\/\/www.immobilien-suedtirol.bz.it\/de\/immobile\/endesi-prestigioso-e-soleggiato-ufficio-open-space-2\/#primaryimage","url":"https:\/\/www.immobilien-suedtirol.bz.it\/wp-content\/uploads\/2024\/07\/435076269m.jpg","contentUrl":"https:\/\/www.immobilien-suedtirol.bz.it\/wp-content\/uploads\/2024\/07\/435076269m.jpg","width":1024,"height":768},{"@type":"BreadcrumbList","@id":"https:\/\/www.immobilien-suedtirol.bz.it\/de\/immobile\/endesi-prestigioso-e-soleggiato-ufficio-open-space-2\/#breadcrumb","itemListElement":[{"@type":"ListItem","position":1,"name":"Home","item":"https:\/\/www.immobilien-suedtirol.bz.it\/de\/"},{"@type":"ListItem","position":2,"name":"Ein prestigevolles, sonniges Gro\u00dfraumb\u00fcro zu verkaufen"}]},{"@type":"WebSite","@id":"https:\/\/www.immobilien-suedtirol.bz.it\/de\/#website","url":"https:\/\/www.immobilien-suedtirol.bz.it\/de\/","name":"Studio Immobiliare Zingerle Stefan","description":"Al Suo fianco nella compravendita immobiliare","publisher":{"@id":"https:\/\/www.immobilien-suedtirol.bz.it\/de\/#organization"},"potentialAction":[{"@type":"SearchAction","target":{"@type":"EntryPoint","urlTemplate":"https:\/\/www.immobilien-suedtirol.bz.it\/de\/?s={search_term_string}"},"query-input":{"@type":"PropertyValueSpecification","valueRequired":true,"valueName":"search_term_string"}}],"inLanguage":"de"},{"@type":"Organization","@id":"https:\/\/www.immobilien-suedtirol.bz.it\/de\/#organization","name":"Studio Immobiliare Zingerle Stefan","url":"https:\/\/www.immobilien-suedtirol.bz.it\/de\/","logo":{"@type":"ImageObject","inLanguage":"de","@id":"https:\/\/www.immobilien-suedtirol.bz.it\/de\/#\/schema\/logo\/image\/","url":"https:\/\/www.immobilien-suedtirol.bz.it\/wp-content\/uploads\/2024\/08\/studio-immobiliare-zingerle-colori.png","contentUrl":"https:\/\/www.immobilien-suedtirol.bz.it\/wp-content\/uploads\/2024\/08\/studio-immobiliare-zingerle-colori.png","width":3841,"height":2161,"caption":"Studio Immobiliare Zingerle Stefan"},"image":{"@id":"https:\/\/www.immobilien-suedtirol.bz.it\/de\/#\/schema\/logo\/image\/"}}]}},"_links":{"self":[{"href":"https:\/\/www.immobilien-suedtirol.bz.it\/de\/wp-json\/wp\/v2\/immobile\/22886","targetHints":{"allow":["GET"]}}],"collection":[{"href":"https:\/\/www.immobilien-suedtirol.bz.it\/de\/wp-json\/wp\/v2\/immobile"}],"about":[{"href":"https:\/\/www.immobilien-suedtirol.bz.it\/de\/wp-json\/wp\/v2\/types\/immobile"}],"wp:featuredmedia":[{"embeddable":true,"href":"https:\/\/www.immobilien-suedtirol.bz.it\/de\/wp-json\/wp\/v2\/media\/22859"}],"wp:attachment":[{"href":"https:\/\/www.immobilien-suedtirol.bz.it\/de\/wp-json\/wp\/v2\/media?parent=22886"}],"wp:term":[{"taxonomy":"category","embeddable":true,"href":"https:\/\/www.immobilien-suedtirol.bz.it\/de\/wp-json\/wp\/v2\/categories?post=22886"},{"taxonomy":"post_tag","embeddable":true,"href":"https:\/\/www.immobilien-suedtirol.bz.it\/de\/wp-json\/wp\/v2\/tags?post=22886"}],"curies":[{"name":"wp","href":"https:\/\/api.w.org\/{rel}","templated":true}]}}

Ein prestigevolles, sonniges Großraumbüro zu verkaufen

<p>Ein prestigevolles, sonniges Großraumbüro zu verkaufen, Bozen Gewerbezone Es handelt sich hier um eine gesamte Etage – befindlich in einem vollkommen gewerblichen Gebäude. Einfach und schnell mit Personenaufzug im 3. Stock erreichbar, ohne architektonische Barrieren. Ein zusätzlicher, geräumiger Lastenaufzug versorgt das gesamte Gebäude, vom Garagengeschoss bis zum Dachgeschoss. Insgesamt sind 5 Stockwerke vorhanden zuzüglich Untergeschoss, wo sich die Parkplätze befinden. Die Raumhöhe misst 3,20 Meter. Die Bruttofläche misst ca. 600 m² und die Nettofläche misst 550 m². Auf Wunsch können auch kleinere Bürofläche angekauft werden. Der Quadratmeterpreis beträgt 2000 € &#8211; verhandelbar. Das Büro verfügt über eine zentrale Klima- und Heizanlage. Baujahr 2005 &#8211; APE F.</p>

<!-- This site is optimized with the Yoast SEO plugin v27.4 - https://yoast.com/product/yoast-seo-wordpress/ -->
<title>Ein prestigevolles, sonniges Großraumbüro zu verkaufen - Studio Immobiliare Zingerle Stefan</title>
<meta name="robots" content="index, follow, max-snippet:-1, max-image-preview:large, max-video-preview:-1" />
<link rel="canonical" href="https://www.immobilien-suedtirol.bz.it/de/immobile/endesi-prestigioso-e-soleggiato-ufficio-open-space-2/" />
<meta property="og:locale" content="de_DE" />
<meta property="og:type" content="article" />
<meta property="og:title" content="Ein prestigevolles, sonniges Großraumbüro zu verkaufen - Studio Immobiliare Zingerle Stefan" />
<meta property="og:description" content="Ein prestigevolles, sonniges Großraumbüro zu verkaufen, Bozen Gewerbezone Es handelt sich hier um eine gesamte Etage – befindlich in einem vollkommen gewerblichen Gebäude. Einfach und schnell mit Personenaufzug im 3...." />
<meta property="og:url" content="https://www.immobilien-suedtirol.bz.it/de/immobile/endesi-prestigioso-e-soleggiato-ufficio-open-space-2/" />
<meta property="og:site_name" content="Studio Immobiliare Zingerle Stefan" />
<meta property="article:modified_time" content="2024-07-21T12:35:44+00:00" />
<meta property="og:image" content="https://www.immobilien-suedtirol.bz.it/wp-content/uploads/2024/07/435076269m.jpg" />
	<meta property="og:image:width" content="1024" />
	<meta property="og:image:height" content="768" />
	<meta property="og:image:type" content="image/jpeg" />
<meta name="twitter:card" content="summary_large_image" />
<meta name="twitter:label1" content="Geschätzte Lesezeit" />
	<meta name="twitter:data1" content="1 Minute" />
<script type="application/ld+json" class="yoast-schema-graph">{"@context":"https:\/\/schema.org","@graph":[{"@type":"WebPage","@id":"https:\/\/www.immobilien-suedtirol.bz.it\/de\/immobile\/endesi-prestigioso-e-soleggiato-ufficio-open-space-2\/","url":"https:\/\/www.immobilien-suedtirol.bz.it\/de\/immobile\/endesi-prestigioso-e-soleggiato-ufficio-open-space-2\/","name":"Ein prestigevolles, sonniges Großraumbüro zu verkaufen - Studio Immobiliare Zingerle Stefan","isPartOf":{"@id":"https:\/\/www.immobilien-suedtirol.bz.it\/de\/#website"},"primaryImageOfPage":{"@id":"https:\/\/www.immobilien-suedtirol.bz.it\/de\/immobile\/endesi-prestigioso-e-soleggiato-ufficio-open-space-2\/#primaryimage"},"image":{"@id":"https:\/\/www.immobilien-suedtirol.bz.it\/de\/immobile\/endesi-prestigioso-e-soleggiato-ufficio-open-space-2\/#primaryimage"},"thumbnailUrl":"https:\/\/www.immobilien-suedtirol.bz.it\/wp-content\/uploads\/2024\/07\/435076269m.jpg","datePublished":"2024-07-21T12:35:20+00:00","dateModified":"2024-07-21T12:35:44+00:00","breadcrumb":{"@id":"https:\/\/www.immobilien-suedtirol.bz.it\/de\/immobile\/endesi-prestigioso-e-soleggiato-ufficio-open-space-2\/#breadcrumb"},"inLanguage":"de","potentialAction":[{"@type":"ReadAction","target":["https:\/\/www.immobilien-suedtirol.bz.it\/de\/immobile\/endesi-prestigioso-e-soleggiato-ufficio-open-space-2\/"]}]},{"@type":"ImageObject","inLanguage":"de","@id":"https:\/\/www.immobilien-suedtirol.bz.it\/de\/immobile\/endesi-prestigioso-e-soleggiato-ufficio-open-space-2\/#primaryimage","url":"https:\/\/www.immobilien-suedtirol.bz.it\/wp-content\/uploads\/2024\/07\/435076269m.jpg","contentUrl":"https:\/\/www.immobilien-suedtirol.bz.it\/wp-content\/uploads\/2024\/07\/435076269m.jpg","width":1024,"height":768},{"@type":"BreadcrumbList","@id":"https:\/\/www.immobilien-suedtirol.bz.it\/de\/immobile\/endesi-prestigioso-e-soleggiato-ufficio-open-space-2\/#breadcrumb","itemListElement":[{"@type":"ListItem","position":1,"name":"Home","item":"https:\/\/www.immobilien-suedtirol.bz.it\/de\/"},{"@type":"ListItem","position":2,"name":"Ein prestigevolles, sonniges Großraumbüro zu verkaufen"}]},{"@type":"WebSite","@id":"https:\/\/www.immobilien-suedtirol.bz.it\/de\/#website","url":"https:\/\/www.immobilien-suedtirol.bz.it\/de\/","name":"Studio Immobiliare Zingerle Stefan","description":"Al Suo fianco nella compravendita immobiliare","publisher":{"@id":"https:\/\/www.immobilien-suedtirol.bz.it\/de\/#organization"},"potentialAction":[{"@type":"SearchAction","target":{"@type":"EntryPoint","urlTemplate":"https:\/\/www.immobilien-suedtirol.bz.it\/de\/?s={search_term_string}"},"query-input":{"@type":"PropertyValueSpecification","valueRequired":true,"valueName":"search_term_string"}}],"inLanguage":"de"},{"@type":"Organization","@id":"https:\/\/www.immobilien-suedtirol.bz.it\/de\/#organization","name":"Studio Immobiliare Zingerle Stefan","url":"https:\/\/www.immobilien-suedtirol.bz.it\/de\/","logo":{"@type":"ImageObject","inLanguage":"de","@id":"https:\/\/www.immobilien-suedtirol.bz.it\/de\/#\/schema\/logo\/image\/","url":"https:\/\/www.immobilien-suedtirol.bz.it\/wp-content\/uploads\/2024\/08\/studio-immobiliare-zingerle-colori.png","contentUrl":"https:\/\/www.immobilien-suedtirol.bz.it\/wp-content\/uploads\/2024\/08\/studio-immobiliare-zingerle-colori.png","width":3841,"height":2161,"caption":"Studio Immobiliare Zingerle Stefan"},"image":{"@id":"https:\/\/www.immobilien-suedtirol.bz.it\/de\/#\/schema\/logo\/image\/"}}]}</script>
<!-- / Yoast SEO plugin. -->

Ein prestigevolles, sonniges Großraumbüro zu verkaufen - Studio Immobiliare Zingerle Stefan

Ein prestigevolles, sonniges Großraumbüro zu verkaufen, Bozen Gewerbezone Es handelt sich hier um eine gesamte Etage – befindlich in einem vollkommen gewerblichen Gebäude. Einfach und schnell mit Personenaufzug im 3....
